70?
7
What is the ten thousands digit of 6140222?
4
What is the millions digit of 5963427?
5
What is the thousands digit of 11042099?
2
What is the units digit of 476317?
7
What is the tens digit of 920576?
7
What is the tens digit of 9333994?
9
What is the hundred thousands digit of 1503008?
5
What is the units digit of 2155870?
0
What is the ten thousands digit of 4311594?
1
What is the units digit of 3677225?
5
What is the thousands digit of 49981?
9
What is the ten millions digit of 14379528?
1
What is the units digit of 83172?
2
What is the millions digit of 2981906?
2
What is the hundred thousands digit of 4467580?
4
What is the hundred thousands digit of 150675?
1
What is the ten thousands digit of 2702140?
0
What is the thousands digit of 59415?
9
What is the units digit of 892057?
7
What is the units digit of 106423?
3
What is the thousands digit of 341553?
1
What is the hundred thousands digit of 19030431?
0
What is the hundred thousands digit of 159471?
1
What is the ten thousands digit of 1714882?
1
What is the thousands digit of 41667?
1
What is the units digit of 4923?
3
What is the hundred thousands digit of 797058?
7
What is the hundreds digit of 28544137?
1
What is the ten millions digit of 15782315?
1
What is the millions digit of 3333886?
3
What is the thousands digit of 234260?
4
What is the hundred thousands digit of 1282046?
2
What is the hundred thousands digit of 5820543?
8
What is the hundreds digit of 301862?
8
What is the units digit of 15792?
2
What is the hundreds digit of 5237981?
9
What is the thousands digit of 9609571?
9
What is the tens digit of 2899528?
2
What is the hundred thousands digit of 3565511?
5
What is the hundreds digit of 3363623?
6
What is the tens digit of 101938?
3
What is the millions digit of 3612301?
3
What is the units digit of 1963678?
8
What is the hundred thousands digit of 15138197?
1
What is the millions digit of 2577572?
2
What is the hundreds digit of 344594?
5
What is the ten thousands digit of 21950?
2
What is the thousands digit of 50641?
0
What is the hundred thousands digit of 1258535?
2
What is the hundreds digit of 310722?
7
What is the millions digit of 4270125?
4
What is the hundred thousands digit of 5671597?
6
What is the thousands digit of 7229030?
9
What is the ten millions digit of 39080539?
3
What is the thousands digit of 4313469?
3
What is the tens digit of 8919485?
8
What is the hundreds digit of 4194618?
6
What is the ten thousands digit of 426332?
2
What is the thousands digit of 1654385?
4
What is the units digit of 1947690?
0
What is the thousands digit of 247024?
7
What is the thousands digit of 414058?
4
What is the ten thousands digit of 2274119?
7
What is the hundred thousands digit of 9173221?
1
What is the units digit of 283275?
5
What is the ten thousands digit of 339978?
3
What is the hundred thousands digit of 383669?
3
What is the hundreds digit of 865120?
1
What is the ten thousands digit of 28087?
2
What is the hundred thousands digit of 13526824?
5
What is the ten thousands digit of 238241?
3
What is the hundred thousands digit of 857795?
8
What is the thousands digit of 84546?
4
What is the hundreds digit of 25900?
9
What is the millions digit of 1427641?
1
What is the tens digit of 208599?
9
What is the thousands digit of 26707888?
7
What is the thousands digit of 2752273?
2
What is the tens digit of 880425?
2
What is the thousands digit of 1648929?
8
What is the hundreds digit of 157380?
3
What is the ten thousands digit of 1209641?
0
What is the tens digit of 1430403?
0
What is the ten thousands digit of 1684146?
8
What is the hundred thousands digit of 30676388?
6
What is the thousands digit of 9682731?
2
What is the hundred thousands digit of 13652368?
6
What is the millions digit of 14467626?
4
What is the tens digit of 89925?
2
What is the ten thousands digit of 1582271?
8
What is the hundred thousands digit of 3671270?
6
What is the ten thousands digit of 6241828?
4
What is the ten thousands digit of 205457?
0
What is the tens digit of 4309939?
3
What is the ten thousands digit of 15963433?
6
What is the thousands digit of 10293199?
3
What is the units digit of 1331772?
2
What is the thousands digit of 869412?
9
What is the hundreds digit of 5575966?
9
What is the ten thousands digit of 3087016?
8
What is the ten thousands digit of 958187?
5
What is the thousands digit of 131920?
1
What is the ten thousands digit of 6512505?
1
What is the tens digit of 3334287?
8
What is the thousands digit of 4510837?
0
What is the units digit of 185963?
3
What is the ten thousands digit of 1414003?
1
What is the units digit of 9540702?
2
What is the tens digit of 209699?
9
What is the units digit of 724735?
5
What is the hundreds digit of 736057?
0
What is the millions digit of 8387343?
8
What is the tens digit of 3441837?
3
What is the thousands digit of 55144?
5
What is the ten thousands digit of 8793755?
9
What is the units digit of 1104231?
1
What is the ten thousands digit of 38660?
3
What is the ten thousands digit of 3654428?
5
What is the units digit of 47160?
0
What is the units digit of 75215?
5
What is the units digit of 364122?
2
What is the thousands digit of 32047?
2
What is the hundred thousands digit of 3628949?
6
What is the units digit of 9921508?
8
What is the tens digit of 33391?
9
What is the units digit of 14578646?
6
What is the hundred thousands digit of 932097?
9
What is the hundred thousands digit of 469832?
4
What is the thousands digit of 360649?
0
What is the units digit of 6123125?
5
What is the hundreds digit of 7851104?
1
What is the ten thousands digit of 7047639?
4
What is the millions digit of 21528631?
1
What is the tens digit of 6987062?
6
What is the tens digit of 2255585?
8
What is the units digit of 102346?
6
What is the thousands digit of 2475179?
5
What is the hundreds digit of 1309179?
1
What is the thousands digit of 116870?
6
What is the thousands digit of 444389?
4
What is the thousands digit of 297831?
7
What is the tens digit of 2832296?
9
What is the ten thousands digit of 13542472?
4
What is the tens digit of 214054?
5
What is the thousands digit of 755892?
5
What is the units digit of 16063666?
6
What is the ten thousands digit of 939795?
3
What is the hundred thousands digit of 160427?
1
What is the hundreds digit of 213517?
5
What is the ten thousands digit of 383438?
8
What is the tens digit of 769543?
4
What is the ten thousands digit of 2493455?
9
What is the units digit of 4128158?
8
What is the hundred thousands digit of 1224306?
2
What is the units digit of 3917295?
5
What is the hundred thousands digit of 3521470?
5
What is the hundreds digit of 335317?
3
What is the ten thousands digit of 234622?
3
What is the millions digit of 1485993?
1
What is the thousands digit of 1757869?
7
What is the tens digit of 1128467?
6
What is the ten thousands digit of 2381405?
8
What is the hundreds digit of 8102094?
0
What is the hundred thousands digit of 425526?
4
What is the thousands digit of 176854?
6
What is the millions digit of 18260518?
8
What is the ten thousands digit of 110098?
1
What is the tens digit of 1609126?
2
What is the units digit of 42996?
6
What is the hundreds digit of 8493874?
8
What is the ten thousands digit of 637337?
3
What is the tens digit of 603987?
8
What is the units digit of 6948096?
6
What is the hundreds digit of 35354?
3
What is the ten thousands digit of 19665?
1
What is the thousands digit of 14407464?
7
What is the millions digit of 16902502?
6
What is the hundred thousands digit of 264836?
2
What is the ten thousands digit of 45797?
4
What is the ten thousands digit of 38173?
3
What is the thousands digit of 3980312?
0
What is the units digit of 1157108?
8
What is the hundred thousands digit of 833817?
8
What is the hundred thousands digit of 2677389?
6
What is the units digit of 1450664?
4
What is the units digit of 4561811?
1
What is the units digit of 49753?
3
What is the millions digit of 1291937?
1
What is the tens digit of 884097?
9
What is the thousands digit of 535338?
5
What is the hundred thousands digit of 3507832?
5
What is the hundreds digit of 163996?
9
What is the units digit of 139658?
8
What is the hundred thousands digit of 2147549?
1
What is the t